the greatest common divisor of 71554401 and 135.
27
What is the greatest common factor of 1702 and 206280106?
74
Calculate the highest common factor of 52 and 535936167.
13
What is the greatest common factor of 44388 and 2108268?
324
Calculate the highest common divisor of 6732 and 10978.
22
What is the highest common divisor of 3766266 and 1502928?
8946
Calculate the greatest common factor of 5385 and 2653291815.
5385
What is the greatest common divisor of 75943 and 63?
7
Calculate the highest common divisor of 78729867 and 13311.
783
Calculate the greatest common divisor of 34941155 and 86.
43
What is the highest common divisor of 42445 and 3616145?
65
What is the greatest common divisor of 27 and 63254916?
9
What is the highest common divisor of 122115 and 273?
21
What is the highest common divisor of 114 and 25372734?
6
Calculate the greatest common divisor of 2046796470 and 373.
373
What is the greatest common divisor of 229034 and 119002?
598
Calculate the greatest common factor of 3244045 and 82565.
245
What is the greatest common divisor of 179532 and 8496?
36
Calculate the greatest common divisor of 21901 and 174845.
121
Calculate the highest common factor of 26754 and 7987434.
546
Calculate the highest common divisor of 27520498 and 248.
62
What is the highest common divisor of 26237750 and 2068?
1034
Calculate the highest common factor of 19432 and 950.
2
What is the highest common divisor of 2768595 and 735?
15
What is the greatest common divisor of 1744 and 23743688?
872
Calculate the greatest common factor of 3417 and 90987474.
201
Calculate the highest common divisor of 5186083 and 651.
217
What is the greatest common divisor of 44001364 and 1804?
1804
Calculate the greatest common factor of 61028 and 66.
22
What is the highest common divisor of 471105 and 2522826?
261
Calculate the greatest common factor of 5663365 and 2435.
5
Calculate the greatest common divisor of 59111 and 30368.
13
What is the highest common divisor of 2120784 and 4488?
408
Calculate the greatest common divisor of 25 and 111640610.
5
Calculate the highest common divisor of 5060 and 1505189.
23
What is the highest common factor of 100 and 15366600?
100
Calculate the greatest common divisor of 2926 and 30668.
22
Calculate the greatest common factor of 29938692 and 84.
84
What is the greatest common divisor of 2302794 and 815256?
3042
Calculate the highest common divisor of 57387 and 12645897.
1221
What is the greatest common divisor of 18373 and 1848904?
967
Calculate the highest common factor of 2507571 and 60291.
297
Calculate the greatest common divisor of 162 and 988067.
1
Calculate the highest common factor of 14399 and 10912748.
847
Calculate the highest common factor of 213752 and 192500.
308
Calculate the highest common divisor of 10191 and 5650587.
129
What is the highest common factor of 273930364 and 8?
4
What is the greatest common divisor of 340 and 32171990?
170
What is the greatest common divisor of 1793862269 and 5279?
5279
Calculate the greatest common factor of 66827995 and 8073.
299
What is the greatest common divisor of 1650612 and 60702?
402
What is the greatest common divisor of 1893304647 and 4446?
2223
Calculate the greatest common factor of 1015728 and 777.
21
What is the greatest common factor of 97024548 and 6?
6
What is the highest common factor of 2320 and 6188020?
580
Calculate the greatest common factor of 376368315 and 59785.
5435
What is the highest common factor of 244228 and 116?
4
Calculate the greatest common factor of 8595117 and 126.
9
What is the highest common factor of 935 and 303488845?
935
What is the greatest common divisor of 1444 and 396302?
38
What is the greatest common divisor of 14546205 and 45?
45
What is the highest common factor of 10070 and 3430690?
530
What is the highest common factor of 14595 and 1073219?
973
Calculate the greatest common divisor of 163438375 and 125.
125
Calculate the highest common factor of 157633 and 1617.
49
What is the greatest common factor of 2295 and 115290?
135
What is the highest common divisor of 7278516 and 8?
4
Calculate the greatest common factor of 42 and 1149969002.
14
Calculate the highest common divisor of 306633522 and 26.
26
Calculate the greatest common divisor of 10083 and 143.
1
Calculate the highest common divisor of 80930 and 9310.
10
Calculate the highest common divisor of 19114 and 1254002641.
9557
Calculate the highest common factor of 65 and 355140.
5
Calculate the greatest common divisor of 476238 and 75446.
238
What is the highest common factor of 2656 and 71954692?
332
What is the highest common factor of 819651 and 2464749?
483
Calculate the greatest common divisor of 105356123 and 391.
391
What is the highest common divisor of 5965121 and 382?
191
What is the highest common divisor of 178965 and 3142800?
4365
What is the highest common divisor of 28451 and 21781?
23
What is the greatest common divisor of 96318843 and 14108?
3527
Calculate the greatest common divisor of 275 and 1633975.
25
What is the greatest common divisor of 586027 and 74542?
793
What is the greatest common divisor of 10353295 and 9409?
97
Calculate the greatest common divisor of 450779 and 5314113.
6349
What is the greatest common divisor of 14881 and 4061219?
647
What is the greatest common factor of 134935822 and 70?
14
Calculate the highest common divisor of 372824 and 5046.
58
Calculate the greatest common divisor of 32 and 5962360.
8
Calculate the greatest common factor of 4144755 and 627.
57
What is the greatest common factor of 5583 and 10222473?
5583
What is the greatest common divisor of 3657313 and 1067?
11
Calculate the highest common factor of 1924704 and 11644.
164
Calculate the greatest common factor of 627 and 413754.
33
What is the greatest common factor of 24 and 12370912?
8
Calculate the greatest common factor of 899 and 2922942973.
899
What is the highest common factor of 140 and 160900?
20
What is the highest common divisor of 13372808 and 7178?
194
What is the greatest common divisor of 91404680 and 40?
40
Calculate the highest common factor of 219490758 and 18.
18
Calculate the highest common factor of 36 and 1205040972.
12
What is the highest common factor of 2746982 and 23?
23
Calculate the highest common divisor of 71615408 and 190.
38
What is the greatest common factor of 9747 and 3054969?
27
Calculate the greatest common factor of 40528747 and 348.
29
What is the highest common divisor of 113815053 and 17661?
2523
Calculate the highest common divisor of 475692530 and 5.
5
Calculate the greatest common divisor of 1565 and 4777178150.
1565
Calculate the highest common divisor of 56029728 and 31902.
2454
What is the greatest common factor of 17 and 18301792?
17
Calculate the greatest common divisor of 3395 and 8047508.
679
Calculate the highest common divisor of 735 and 19884.
3
Calculate the highest common factor of 147809 and 168507.
79
Calculate the highest common divisor of 8 and 82849004.
4
What is the highest common divisor of 427770 and 10670?
970
Calculate the greatest common factor of 869760 and 294272.
128
Calculate the greatest common divisor of 3084 and 20868.
12
Calculate the greatest common factor of 2306542 and 42.
14
What is the greatest common factor of 77387863 and 1421?
203
What is the greatest common divisor of 109594163 and 721?
721
What is the greatest common factor of 965514 and 2046?
66
What is the highest common factor of 1236041370 and 54?
54
Calculate the greatest common factor of 13699770 and 1780.
890
Calculate the greatest common factor of 8886220 and 84.
28
Calculate the highest common factor of 1538290 and 442.
26
Calculate the greatest common factor of 2095236 and 6084.
468
What is the greatest common factor of 78788280 and 80580?
4740
What is the greatest common divisor of 669491 and 26525?
1061
Calculate the highest common factor of 6894 and 77526.
18
What is the highest common divisor of 354879 and 1325065?
917
What is the highest common factor of 64 and 3143762?
2
What is the highest common factor of 9872236 and 132?
44
Calculate the highest common factor of 22750 and 122580250.
3250
What is the greatest common divisor of 181940 and 3410?
110
What is the highest common factor of 2122359 and 39597?
201
What is the hi